68 - 3. What is the greatest common factor of f and c?
13
Let x = 162 - 87. Suppose -x*h = -69*h - 102. Calculate the highest common factor of 187 and h.
17
Let m(i) = 14*i - 2*i + i**2 + 2 - 27. Let k be m(-17). Suppose 4*b - 43 - 6 = -5*q, -5*b - 5*q + k = 0. What is the highest common divisor of b and 1?
1
Let i(h) = -h**3 + 24*h**2 - 24*h + 64. Let f be i(22). Let z = f - 497. Calculate the highest common divisor of 14 and z.
7
Suppose p + 12 = 7*p. Suppose -32 = -f + 4*w, 4*w - 80 = -p*f - f. Let t = 9 - 2. What is the greatest common divisor of t and f?
7
Let n be 1/(-3) - (-40)/12. Suppose 3 = -2*p + n*p. Suppose 0 = p*j - 31 - 17. Calculate the greatest common factor of 144 and j.
16
Let a = 359 + -191. Let s = -49 + a. Let t be ((-17)/5)/(4/(-20)). Calculate the greatest common divisor of s and t.
17
Suppose 0 = -81*c + 86*c - 14385. Calculate the greatest common divisor of c and 21.
21
Let b(o) = 2*o**2 + 11*o + 3. Let y be b(7). Let l = 26 + y. Calculate the greatest common factor of l and 51.
51
Let b = -7319 - -7324. Let q = -163 + 233. Suppose 0 = -3*y + b*x + 107, 2*y = 5*x - x + q. What is the highest common factor of y and 52?
13
Suppose 28*p - 925 = -393. Calculate the highest common factor of 3477 and p.
19
Suppose -5*c = -5*m + 5, 2*m = -3*c + 18 - 11. Suppose -3*o = -m*t - 264, 2*o - 6*t - 176 = -5*t. Calculate the greatest common factor of o and 8.
8
Suppose -12*t - 2 = -4*l - 17*t, -4*t + 8 = 0. Let y be (-2793)/(-98)*l/(-3). What is the greatest common factor of y and 228?
19
Let f be (2120/16)/5 - (-1)/2. Let p = f + -22. Suppose 2*i = i + 4*b + 17, p*i - 53 = 4*b. What is the highest common factor of i and 171?
9
Let j = -282 - -157. Let d = j + 165. What is the greatest common divisor of d and 5?
5
Let u = -125 + 309. Let r be (14/(8 - 15))/(1/(-4)). What is the highest common factor of r and u?
8
Let y be (-7)/((-14)/(-4)) + 348/(-3). Let x = -107 - y. Calculate the highest common divisor of 22 and x.
11
Let a = 7097 + -6905. What is the highest common divisor of a and 1024?
64
Let m(t) = -9*t + 696. Let a be m(71). Calculate the greatest common factor of 152 and a.
19
Let t be (1 - 2)*(1 + -48). Let w be (112/336)/(1/2679). What is the highest common divisor of t and w?
47
Suppose -22 - 79 - 67 = -t. Calculate the greatest common factor of t and 3906.
42
Let q = 40 - 30. Suppose -q = -u + 4*x, x - 4*x = 15. Let v be ((-36)/u)/((-9)/(-120)). Calculate the highest common divisor of v and 6.
6
Suppose -s = -3*m + 5*m - 845, 0 = 5*s + 4*m - 4213. What is the greatest common factor of s and 145?
29
Let c = -32 + 22. Let z = c - -30. Suppose -o + 280 = o. Calculate the greatest common factor of z and o.
20
Suppose 143*s - 144*s = -382. Let n = -198 + s. What is the greatest common divisor of n and 23?
23
Let z = -20026 - -53299. Calculate the greatest common divisor of 9 and z.
9
Let t = -85 + 88. Suppose t*f + 43 - 460 = 0. Let m = 405 - f. What is the greatest common divisor of m and 14?
14
Suppose -4*y - y - 3*l = -90, 0 = 5*y - l - 110. Suppose 5*z = -2*f - 3, 3*f = 9*z - 6*z + 27. What is the highest common factor of y and f?
3
Let z(n) = 2*n**2 - 46*n + 903. Let f be z(20). What is the greatest common factor of 36 and f?
9
Suppose 5*l - 333 = 947. Let d = l - 179. Calculate the greatest common factor of 22 and d.
11
Let x(t) = 582*t + 4327. Let v be x(-7). What is the greatest common factor of 69 and v?
23
Let b(h) = -h**3 + 14*h**2 - 16*h + 41. Let f be b(13). Suppose f*z = -3*o + 402, -o + 3*z + 36 = -87. Calculate the greatest common divisor of o and 12.
12
Let j(u) = -u**3 + 33*u**2 + 74*u - 108. Let k be j(18). Calculate the highest common factor of 36 and k.
36
Suppose -67*j + 221518 = -330160. What is the highest common divisor of 46 and j?
46
Suppose 35 = -17*l + 20*l - 2*c, 0 = -2*l - c + 14. Calculate the highest common divisor of l and 69.
3
Let j be (-14 + 9)*6/(-10). Suppose -6*n = -j*n - 3, 3*n = 2*x - 151. Calculate the highest common factor of 21 and x.
7
Let n = -7 - -14. Suppose 0 = 7*h + 10 + 564. Let d = -54 - h. What is the greatest common divisor of n and d?
7
Let q(s) = -591*s + 6918. Let i be q(12). Suppose -347 - 215 = -3*a - 5*u, -2*u + 962 = 5*a. Let d = a - i. What is the greatest common divisor of d and 23?
23
Let b be 1720/(-2 + 6) + 5. Let i be 29/3 - 0 - 290/b. Let y(h) = h**3 + h - 1. Let p be y(2). What is the greatest common divisor of i and p?
9
Let j be 2/6 - (-40)/(-90)*12. Let d be 4 + (4/j)/((-6)/15). Calculate the greatest common divisor of d and 18.
6
Let p = 89 - 5. Let w be ((-4)/10)/((-10)/1500). What is the greatest common divisor of w and p?
12
Let o(p) = -p**3 - 44*p**2 - 45*p + 31. Let b be o(-43). Suppose -b*z + 121*z - 152 = 0. Calculate the highest common factor of 38 and z.
38
Let z be ((-6)/8 - -2)*(1 - -3). Suppose -2*k - y = 18, 0 = k + z*y - 1 - 8. Let x = 11 - k. What is the highest common divisor of 33 and x?
11
Let h(v) be the first derivative of 17*v**2/2 + 20*v - 17. Let i be h(0). What is the greatest common factor of 60 and i?
20
Let a(t) be the third derivative of t**6/120 - 2*t**5/15 + 3*t**4/8 + 2*t**3 + 6*t**2 + 1. Let b be a(9). What is the greatest common factor of b and 29?
29
Let n(w) = -w**3 + 30*w**2 + 65*w - 151. Let l be n(23). What is the highest common divisor of 206 and l?
103
Let c(l) = -l**2 + 16*l + 11. Let g be c(13). Suppose 0 = 4*f + 5*z - 14 - g, 0 = -f + 3*z - 1. What is the greatest common divisor of f and 176?
11
Let d be (-72 + 0)*4/(-8). Let r be (-1251)/(-54) + (-6)/d. Calculate the highest common factor of 46 and r.
23
Let z = 41 - 37. Let c be 208/64 + (-1)/z. Let x be c/9 - (-296)/12. What is the highest common divisor of 175 and x?
25
Suppose -9*n = -723 + 642. Calculate the highest common factor of 153 and n.
9
Suppose -5*d + 24 = 4. Let m(b) = b**3 - 5*b**2 + 7*b - 9. Let j be m(d). Let u be -1 + (-1 - -2) - -3. What is the highest common factor of u and j?
3
Suppose r = -x + 3, 5 = 3*x + 5*r - 0. Suppose -x*t + 17 = g - 5, 0 = -g - t + 38. Let v = -2516 + 2522. What is the highest common factor of v and g?
6
Let u(d) = -3*d**2 + 59*d - 30. Let k be u(18). Let a be (k/28 + -3)*-1344. Calculate the greatest common divisor of 18 and a.
18
Suppose -5*h + 50 = -5*k, 2*h - 2437*k - 14 = -2434*k. Calculate the highest common divisor of 184 and h.
8
Suppose 3*u - m = 2*u, -2*m = -3*u - 1. Let i be (0/1)/(5 + (-8 - u)). Suppose i = -f + 10 + 16. What is the highest common divisor of 13 and f?
13
Suppose 151*p - 111469 = -122*p + 80723. Calculate the greatest common factor of p and 16.
16
Let w = -242 + 246. Suppose 3*o + w*r - 377 = -2*o, 4*o - 300 = -4*r. Calculate the greatest common divisor of 66 and o.
11
Let f = -6491 - -7223. Calculate the greatest common divisor of 12 and f.
12
Let x = -407 + 407. Suppose -5*f - 4*s + 19 = x, -4*f + 8 = -s - 24. Let t(u) = 2*u**3 + u - 1. Let g be t(3). What is the highest common divisor of g and f?
7
Let s = 29 - 27. Suppose s*i + 203 + 269 = 0. Let a be i/(-18) - 1/9. What is the highest common divisor of a and 117?
13
Let w(f) = 33*f**2 + 5. Let g be w(-4). Let n = g - 379. Let l be -7 + 21*2/2. Calculate the greatest common divisor of n and l.
14
Suppose 15*r - 14*r - 15 = 0. Suppose 2*i - 2*x = 22, -16 + 2 = -2*i + 4*x. What is the highest common factor of r and i?
15
Suppose -3*q = 24, -93*k + 97*k - 1096 = 3*q. What is the greatest common divisor of k and 34304?
268
Let o be (((-30)/9)/1)/((-10)/75). Suppose -33*i = -o*i - 3168. Calculate the greatest common divisor of 33 and i.
33
Let t be (5*((-594)/55)/(-9))/(2/78). Calculate the greatest common divisor of 3094 and t.
26
Suppose -14*f - 34*f = 105*f - 13923. What is the greatest common divisor of 117 and f?
13
Suppose 17*j - 12*j - 15 = 0. Suppose n + 5*w + 18 = 0, 2 = -j*n + w + 12. Let h be (-68)/(-51)*15/n. Calculate the highest common factor of 15 and h.
5
Let t(s) = -43*s**2 + 16*s - 28. Let l be t(2). Let o be 13/((-208)/l)*72/14. What is the highest common divisor of o and 30?
6
Suppose -3*b + 2133 = m, 5*b = -4*m + 982 + 2552. Calculate the highest common factor of 391 and b.
17
Let y(n) = -n**3 - 4*n**2 - 5*n - 3. Let o be y(-9). Let z = o + -403. Calculate the highest common factor of 33 and z.
11
Let t = -2604 